 
 
{"id":1630,"date":"2023-01-14T15:03:46","date_gmt":"2023-01-14T14:03:46","guid":{"rendered":"https:\/\/atticus-avocats.com\/?page_id=1630"},"modified":"2023-04-14T16:20:50","modified_gmt":"2023-04-14T14:20:50","slug":"honoraires","status":"publish","type":"page","link":"https:\/\/atticus-avocats.com\/?page_id=1630","title":{"rendered":"Honoraires"},"content":{"rendered":"\n<p>Le cabinet fixe ses honoraires en toute transparence, en fonction de diff\u00e9rents param\u00e8tres, notamment la nature et la complexit\u00e9 du dossier, l&rsquo;importance du travail \u00e0 effectuer, de la responsabilit\u00e9 du cabinet\u2026<\/p>\n\n\n\n<p>Les honoraires et frais font l&rsquo;objet d&rsquo;un devis pr\u00e9alable \u00e0 toute intervention.<\/p>\n\n\n\n<p>L&rsquo;honoraire au forfait est privil\u00e9gi\u00e9 par le cabinet.<\/p>\n\n\n\n<p>L&rsquo;aide juridictionnelle : vos frais peuvent \u00eatre pris en charge partiellement ou totalement par une aide financi\u00e8re d\u2019\u00c9tat. Le cabinet vous invite \u00e0 vous rapprocher du bureau d&rsquo;aide juridictionnelle comp\u00e9tent (en fonction de votre domicile) qui vous aidera \u00e0 d\u00e9terminer si votre patrimoine et vos revenus vous rendent \u00e9ligibles \u00e0 cette aide.<\/p>\n\n\n\n<p>L&rsquo;assurance de protection juridique : le cabinet vous invite \u00e0 v\u00e9rifier si vous disposez d&rsquo;une garantie de protection juridique attach\u00e9e \u00e0 l&rsquo;un de vos contrats d&rsquo;assurance, permettant la prise en charge totale ou partielle des honoraires du cabinet.<\/p>\n\n\n<div class=\"wp-block-image\">\n<figure class=\"aligncenter is-resized\"><img loading=\"lazy\" decoding=\"async\" src=\"https:\/\/cdn-icons-png.flaticon.com\/512\/2510\/2510727.png\" alt=\"\" width=\"80\" height=\"80\" title=\"\"\/><\/figure>\n<\/div>\n\n\n<p><\/p>\n\n\n\n<p><\/p>\n","protected":false},"excerpt":{"rendered":"<p>Le cabinet fixe ses honoraires en toute transparence, en fonction de diff\u00e9rents param\u00e8tres, notamment la nature et la complexit\u00e9 du dossier, l&rsquo;importance du travail \u00e0 effectuer, de la responsabilit\u00e9 du &#8230;<\/p>\n","protected":false},"author":1,"featured_media":0,"parent":0,"menu_order":0,"comment_status":"closed","ping_status":"closed","template":"","meta":{"_editorskit_title_hidden":false,"_editorskit_reading_time":1,"_editorskit_is_block_options_detached":false,"_editorskit_block_options_position":"{}","footnotes":""},"class_list":["post-1630","page","type-page","status-publish","hentry"],"_links":{"self":[{"href":"https:\/\/atticus-avocats.com\/index.php?rest_route=\/wp\/v2\/pages\/1630","targetHints":{"allow":["GET"]}}],"collection":[{"href":"https:\/\/atticus-avocats.com\/index.php?rest_route=\/wp\/v2\/pages"}],"about":[{"href":"https:\/\/atticus-avocats.com\/index.php?rest_route=\/wp\/v2\/types\/page"}],"author":[{"embeddable":true,"href":"https:\/\/atticus-avocats.com\/index.php?rest_route=\/wp\/v2\/users\/1"}],"replies":[{"embeddable":true,"href":"https:\/\/atticus-avocats.com\/index.php?rest_route=%2Fwp%2Fv2%2Fcomments&post=1630"}],"version-history":[{"count":9,"href":"https:\/\/atticus-avocats.com\/index.php?rest_route=\/wp\/v2\/pages\/1630\/revisions"}],"predecessor-version":[{"id":1754,"href":"https:\/\/atticus-avocats.com\/index.php?rest_route=\/wp\/v2\/pages\/1630\/revisions\/1754"}],"wp:attachment":[{"href":"https:\/\/atticus-avocats.com\/index.php?rest_route=%2Fwp%2Fv2%2Fmedia&parent=1630"}],"curies":[{"name":"wp","href":"https:\/\/api.w.org\/{rel}","templated":true}]}}